43817 a prime number?
True
Is 75979901 a composite number?
True
Is 46810931747 composite?
False
Is 20040341 prime?
False
Is 43161959 composite?
False
Is 86995960979 a composite number?
False
Is 226371973 a prime number?
True
Is 21045400543 a composite number?
True
Is 53919010039 a composite number?
False
Is 59403476311 composite?
False
Is 400980659 composite?
False
Is 7924116961 composite?
True
Is 2270152921 prime?
False
Is 1508170313 composite?
True
Is 136461719 prime?
False
Is 130215891229 a composite number?
False
Is 5225146127 a composite number?
False
Is 3901864007 a prime number?
True
Is 2291487431 a composite number?
True
Is 795649177 composite?
True
Is 54215952379 a prime number?
False
Is 10777358465 prime?
False
Is 6281661851 prime?
False
Is 1119755111 a composite number?
False
Is 1849924777 composite?
False
Is 25018094729 prime?
False
Is 2640695483 composite?
False
Is 3412856917 prime?
True
Is 3154204349 a prime number?
True
Is 4090053973 a composite number?
False
Is 41572052647 prime?
True
Is 146456647 a composite number?
False
Is 1555488833 a prime number?
False
Is 877004861 prime?
False
Is 3192450953 prime?
True
Is 397505789 prime?
True
Is 2846626147 prime?
True
Is 3102063587 prime?
False
Is 420507751 a composite number?
False
Is 8894911369 a composite number?
False
Is 5927070221 a prime number?
True
Is 153410281 a composite number?
False
Is 29953246721 a composite number?
False
Is 1015602829 prime?
True
Is 144329982581 composite?
False
Is 185505821 a composite number?
False
Is 324397751 a composite number?
True
Is 2629360519 prime?
True
Is 23957561777 composite?
True
Is 10860272663 a composite number?
False
Is 5300582527 composite?
False
Is 223783332953 a prime number?
True
Is 1326902363 a prime number?
True
Is 2247334501 a composite number?
False
Is 22143354881 composite?
False
Is 886267321 prime?
True
Is 1003424299 a prime number?
True
Is 114678070717 composite?
True
Is 31397235374 a composite number?
True
Is 2633276029 composite?
True
Is 4727171 a composite number?
False
Is 825386207 a prime number?
True
Is 32612911181 composite?
False
Is 2554631839 composite?
True
Is 24291601 prime?
False
Is 17460055939 a prime number?
True
Is 275365627 a composite number?
False
Is 171386876441 composite?
True
Is 9941107469 composite?
False
Is 18251798 composite?
True
Is 49364358343 composite?
False
Is 444399049 composite?
False
Is 8759801621 a prime number?
True
Is 26743409717 prime?
True
Is 15240560507 prime?
True
Is 14979997 prime?
False
Is 114048077779 a prime number?
True
Is 1246079857 a prime number?
False
Is 24905738459 prime?
False
Is 11030442583 a prime number?
False
Is 1920433751 a prime number?
False
Is 15414706883 composite?
True
Is 1748051779 a prime number?
True
Is 1326973541 a prime number?
True
Is 1854365111 composite?
False
Is 80896687 a composite number?
True
Is 46758976987 a prime number?
True
Is 9394096553 prime?
True
Is 8558380879 composite?
False
Is 49395802277 a prime number?
True
Is 37019676235 composite?
True
Is 119313297393 composite?
True
Is 5871808003 composite?
False
Is 500829955367 composite?
True
Is 3137524373 a composite number?
False
Is 581657989 a prime number?
False
Is 16785583 prime?
True
Is 295268581 a prime number?
False
Is 29608223 composite?
False
Is 32784270463 composite?
True
Is 2142402569 a prime number?
True
Is 112762543 prime?
True
Is 127730745619 prime?
True
Is 4988354197 a composite number?
False
Is 209061893 prime?
True
Is 35911022005 prime?
False
Is 5973757967 prime?
True
Is 525388771 prime?
True
Is 1247781719 composite?
True
Is 20365413953 prime?
True
Is 231497879 a composite number?
False
Is 3217993343 composite?
False
Is 1294234297 a composite number?
True
Is 255802837 a composite number?
False
Is 520722519 a composite number?
True
Is 15841736159 a composite number?
False
Is 60624150511 prime?
False
Is 9814070027 a prime number?
True
Is 20906455205 composite?
True
Is 442056349 a prime number?
False
Is 1084179851 prime?
False
Is 1075388141 a composite number?
False
Is 53297171117 composite?
False
Is 148696129 composite?
True
Is 2975079949 composite?
False
Is 7962987521 prime?
True
Is 1694719967 a composite number?
False
Is 2743151813 a composite number?
False
Is 112553459173 prime?
False
Is 2278225697 prime?
False
Is 125566009 a composite number?
False
Is 94714316971 composite?
True
Is 824088979 composite?
True
Is 111429730281 a prime number?
False
Is 25923748963 a prime number?
False
Is 2531358821 a prime number?
True
Is 78739280083 prime?
True
Is 470496686239 prime?
True
Is 72282829 a prime number?
False
Is 26436525719 a composite number?
False
Is 2365943867 a prime number?
False
Is 10964009543 composite?
False
Is 34036475519 composite?
False
Is 9128844611 prime?
True
Is 1492046681 a composite number?
False
Is 1091731403 a composite number?
True
Is 5568021694 a composite number?
True
Is 495484357 composite?
False
Is 1277317007 a composite number?
True
Is 602060717 a prime number?
True
Is 20151020983 a composite number?
False
Is 46319881 a prime number?
False
Is 25873581029 a composite number?
False
Is 648796621 a composite number?
True
Is 20913200221 a composite number?
False
Is 111820071599 a prime number?
True
Is 145246478045 composite?
True
Is 16651167711 a composite number?
True
Is 28517494243 composite?
True
Is 2018801713 composite?
False
Is 886574807 a prime number?
True
Is 627508591 a prime number?
True
Is 475225603 a composite number?
False
Is 677045661 a prime number?
False
Is 128512813843 composite?
False
Is 6464052391 prime?
True
Is 374877469 composite?
True
Is 4866056791 composite?
True
Is 9747077737 a prime number?
True
Is 22464291467 composite?
False
Is 681653363 composite?
False
Is 20495059231 prime?
True
Is 5257331623 composite?
True
Is 3001282189 prime?
True
Is 3047936767 prime?
True
Is 26007212987 prime?
False
Is 341797205 a composite number?
True
Is 7268462497 a prime number?
True
Is 19667580487 a composite number?
True
Is 78994182721 a prime number?
False
Is 6057488981 a composite number?
False
Is 18362861 composite?
True
Is 24853828339 composite?
False
Is 9413500471 a composite number?
True
Is 6010085213 prime?
False
Is 1096304161 prime?
False
Is 1729429421 prime?
True
Is 5533107407 a prime number?
True
Is 2485521109 prime?
True
Is 618206503 prime?
True
Is 2643762647 prime?
False
Is 9958129 composite?
False
Is 5019877613 composite?
False
Is 1969491595 prime?
False
Is 82900513 a prime number?
True
Is 1149790867 a composite number?
False
Is 8833117999 a prime number?
False
Is 96838691 prime?
True
Is 2797966073 composite?
True
Is 936818111 a prime number?
True
Is 12744488039 a prime number?
False
Is 1741337687 a composite number?
True
Is 24645737261 prime?
False
Is 1125972249 a prime number?
False
Is 154126337 a composite number?
False
Is 30834877 prime?
False
Is 2067580369 a prime number?
False
Is 331518487 a prime number?
True
Is 17890003 prime?
True
Is 21047297429 composite?
False
Is 219725999 prime?
True
Is 6499471369 a composite number?
False
Is 696072689 a composite number?
True
Is 58523802457 a composite number?
True
Is 7839388457 a prime number?
True
Is 347027371 prime?
False
Is 33581862217 a composite number?
False
Is 10438000981 prime?
True
Is 1539269729 prime?
True
Is 209567962391 prime?
True
Is 31330271707 a prime number?
False
Is 11099370251 a composite number?
False
Is 1075545577 prime?
True
Is 4634560969 a composite number?
False
Is 790116179 a composite number?
True
Is 18552689 a prime number?
True
Is 27950817299 a composite number?
False
Is 633841361 prime?
True
Is 441835561 a composite number?
True
Is 11707099493 composite?
False
Is 43594739683 a composite number?
True
Is 8178245729 a prime number?
True
Is 3684443717 prime?
True
Is 178291894787 composite?
True
Is 236880115 composite?
True
Is 27113033819 prime?
False
Is 68636057981 composite?
False
Is 1090772731 a composite number?
True
Is 22127091187 composite?
True
Is 3252660287 prime?
True
Is 2104848403 a composite number?
True
Is 2065411547 a prime number?
False
Is 120416633 prime?
True
Is 1260966227 a composite number?
True
Is 92872976417 composite?
True
Is 5316790697 a prime number?
False
Is 78128817229 a composite number?
False
Is 127352545 composite?
True
Is 124927871 composite?
False
Is 10943